composite number?
True
Is 63323321 a prime number?
False
Is 10570117477 a prime number?
False
Is 4794087761 composite?
False
Is 238182353 composite?
True
Is 160212929689 a composite number?
False
Is 170090737 a prime number?
True
Is 899921419 a prime number?
True
Is 3713222057 a prime number?
True
Is 372332249 a prime number?
False
Is 822079781 prime?
True
Is 7958866651 composite?
False
Is 6294647101 composite?
False
Is 6914155529 prime?
True
Is 4188583183 a composite number?
False
Is 216216251 composite?
True
Is 468401914 a composite number?
True
Is 740380987 composite?
True
Is 58528588339 a composite number?
True
Is 1349054561 composite?
False
Is 11918256529 composite?
False
Is 281645363 a composite number?
True
Is 10066856537 prime?
False
Is 3255645551 a composite number?
False
Is 4180577363 a prime number?
True
Is 2137780234 composite?
True
Is 3821635259 a prime number?
False
Is 26339531509 a prime number?
True
Is 1797894349 prime?
True
Is 139287913 composite?
False
Is 3281606893 a composite number?
False
Is 244262071 composite?
False
Is 1636399805 composite?
True
Is 4503694921 a prime number?
False
Is 48981811913 a composite number?
True
Is 48020471 composite?
True
Is 35443341897 a composite number?
True
Is 957893801 a prime number?
False
Is 18396782797 a composite number?
False
Is 3997310519 composite?
False
Is 3631359839 a prime number?
True
Is 18614971261 a prime number?
False
Is 43139059109 a prime number?
True
Is 1172745881 composite?
False
Is 4737231671 a composite number?
False
Is 763910981 prime?
False
Is 7478588737 composite?
True
Is 337841563 a prime number?
False
Is 365653219 a composite number?
False
Is 1790025499 a prime number?
False
Is 4319304791 a composite number?
False
Is 69768993439 prime?
False
Is 1036822211 a composite number?
False
Is 5589134983 a prime number?
True
Is 91395659 composite?
False
Is 82105813 a prime number?
False
Is 4816187897 composite?
False
Is 1560979291 a prime number?
False
Is 2604323957 a prime number?
True
Is 3432641221 a composite number?
False
Is 19480789 a prime number?
True
Is 1052210843 a composite number?
False
Is 43885581011 a composite number?
True
Is 10603297469 prime?
True
Is 3482158507 prime?
True
Is 128243593 composite?
False
Is 809099293 prime?
True
Is 3813814129 a composite number?
True
Is 10918746617 a composite number?
False
Is 10577429 composite?
False
Is 61079531767 a prime number?
True
Is 59368511353 a composite number?
False
Is 1357256881 a prime number?
True
Is 46390082601 prime?
False
Is 945805477 a composite number?
True
Is 548239399 composite?
False
Is 177413798197 a composite number?
True
Is 3527124989 a prime number?
True
Is 194926741 composite?
False
Is 36006658049 composite?
True
Is 10818143513 prime?
True
Is 294501857 a composite number?
True
Is 7789602817 prime?
True
Is 7809533833 a composite number?
False
Is 50605933 a composite number?
True
Is 439415887 composite?
False
Is 16642241387 composite?
True
Is 1964165111 composite?
False
Is 373880191 a prime number?
False
Is 7229585497 prime?
False
Is 36985223861 prime?
True
Is 52038410911 prime?
False
Is 1070227363 a prime number?
True
Is 184989439 prime?
True
Is 462091747 a prime number?
False
Is 30611731561 a prime number?
False
Is 117901428319 prime?
True
Is 313000004503 a composite number?
True
Is 1440882211 a prime number?
True
Is 77531697031 a composite number?
False
Is 133501243 a composite number?
True
Is 1906357763 a composite number?
False
Is 283844423 composite?
False
Is 878991983 a prime number?
True
Is 24716587033 a prime number?
True
Is 263349013 prime?
True
Is 1015168823 prime?
True
Is 13104013501 prime?
False
Is 443826568141 a composite number?
True
Is 71083711 a composite number?
False
Is 309378187 a prime number?
True
Is 1197380993 composite?
False
Is 234186443 a prime number?
True
Is 432342727 prime?
True
Is 369056132729 composite?
False
Is 16045439677 a prime number?
True
Is 22440570683 composite?
False
Is 92743999 composite?
True
Is 3728019821 prime?
True
Is 10854624637 composite?
False
Is 10854316277 a composite number?
True
Is 2344409057 a composite number?
False
Is 26004339649 a prime number?
False
Is 20172305177 a composite number?
False
Is 5447562767 a prime number?
True
Is 1306377901 composite?
False
Is 56317711 composite?
True
Is 75517141621 prime?
True
Is 27515600339 a composite number?
False
Is 15696933821 prime?
True
Is 100807201 a prime number?
False
Is 671422321 composite?
False
Is 9130629727 a prime number?
True
Is 373348887 composite?
True
Is 16090630597 a prime number?
False
Is 1990120823 composite?
False
Is 1936260926 a prime number?
False
Is 430451627 composite?
False
Is 10555088098 prime?
False
Is 2623799801 composite?
True
Is 1119159263 prime?
True
Is 17520938911 a prime number?
False
Is 307751359 a composite number?
True
Is 153233477 prime?
False
Is 36030387485 prime?
False
Is 155403091 a composite number?
False
Is 12040255889 prime?
False
Is 2921866217 a prime number?
True
Is 9646646353 a composite number?
False
Is 3495283543 a prime number?
False
Is 58131133 a composite number?
True
Is 22890874829 a prime number?
True
Is 98991829 a prime number?
True
Is 13572809137 composite?
False
Is 776010811 a composite number?
False
Is 2288287445 prime?
False
Is 1863636713 composite?
True
Is 161696191 prime?
True
Is 14238928603 a composite number?
True
Is 117286779 a prime number?
False
Is 5402309623 a prime number?
False
Is 179403739 prime?
False
Is 19267624491 a composite number?
True
Is 5513696249 a composite number?
False
Is 76310433803 prime?
True
Is 34757660681 composite?
True
Is 2181569563 a prime number?
True
Is 3499089547 prime?
True
Is 20804816233 prime?
False
Is 949078381 a prime number?
True
Is 145071701 a composite number?
False
Is 14505009877 a prime number?
False
Is 1703012957 composite?
False
Is 11877372959 prime?
True
Is 318681539 a composite number?
True
Is 122402063 composite?
True
Is 47973846247 a composite number?
False
Is 602690323 a prime number?
True
Is 4793222347 a prime number?
False
Is 408567391 prime?
True
Is 1738027822 prime?
False
Is 13848288437 prime?
True
Is 38604691417 prime?
False
Is 122283182317 composite?
True
Is 1319877437 prime?
True
Is 2911666201 composite?
False
Is 245537417681 a composite number?
False
Is 1466695837 prime?
True
Is 3254705809 a prime number?
False
Is 444430639 a composite number?
False
Is 20605747649 a composite number?
True
Is 6746481461 composite?
False
Is 16826587483 a prime number?
True
Is 19099127 composite?
False
Is 42064911073 prime?
True
Is 1327481611 composite?
False
Is 17561453669 prime?
False
Is 5106418201 prime?
True
Is 43136847934 prime?
False
Is 6675617867 a prime number?
False
Is 6720545971 a prime number?
True
Is 25407181 composite?
False
Is 613108103 composite?
False
Is 33408545719 composite?
False
Is 1350490781 prime?
True
Is 250854469 a prime number?
False
Is 12327363283 a composite number?
False
Is 1453997015 a composite number?
True
Is 4808383543 prime?
True
Is 579032323 a composite number?
True
Is 2374049323 a prime number?
True
Is 1938579143 a composite number?
False
Is 14383115267 composite?
True
Is 7031452009 a composite number?
False
Is 4848186481 composite?
False
Is 12751152373 a composite number?
False
Is 1194696049 a composite number?
False
Is 25499975651 a composite number?
True
Is 407103371 composite?
False
Is 37332431 composite?
False
Is 45933928421 composite?
False
Is 4021377811 a prime number?
False
Is 8261194859 a composite number?
False
Is 2797089107 a prime number?
True
Is 1172820377 composite?
False
Is 1395552539 a composite number?
False
Is 2571899657 a composite number?
True
Is 30579046343 composite?
False
Is 113506697 a prime number?
False
Is 190473279281 a prime number?
True
Is 323170501 a composite number?
False
Is 231756043273 a composite number?
False
Is 2087387129 composite?
False
Is 293301656461 a prime number?
False
Is 7634555673 prime?
False
Is 4324675967 composite?
True
Is 1065188087 a composite number?
True
Is 692514863 prime?
False
Is 1805186167 composite?
False
Is 252981871871 a prime number?
True
Is 25767317621 prime?
False
Is 712412951 composite?
True
Is 63318096889 a composite number?
False
Is 276543593 a composite number?
True
Is 111498379 prime?
False
Is 31157994167 prime?